 526657
What are the prime factors of 220339539?
3, 7, 127, 27539
What are the prime factors of 22269344?
2, 695917
List the prime factors of 3555494298.
2, 3, 65842487
What are the prime factors of 7856227?
17, 462131
List the prime factors of 36828556.
2, 89, 103451
List the prime factors of 470956052.
2, 7, 2402837
What are the prime factors of 320046809?
61, 179, 29311
List the prime factors of 3349941.
3, 7, 159521
What are the prime factors of 125504331?
3, 1423, 29399
What are the prime factors of 51889069?
3511, 14779
What are the prime factors of 38708750?
2, 5, 173, 179
What are the prime factors of 5401151307?
3, 1741, 114901
List the prime factors of 67139303.
7, 11, 419, 2081
List the prime factors of 4124182741.
7, 131, 4497473
List the prime factors of 713101342.
2, 103, 661, 5237
List the prime factors of 5077736850.
2, 3, 5, 79, 131, 3271
List the prime factors of 65338656.
2, 3, 680611
List the prime factors of 55299438.
2, 3, 89, 34519
What are the prime factors of 2359636908?
2, 3, 181, 1086389
What are the prime factors of 77553943?
77553943
What are the prime factors of 266936560?
2, 5, 11, 303337
List the prime factors of 1022872785.
3, 5, 11, 6199229
What are the prime factors of 192199801?
19, 10115779
List the prime factors of 16641628.
2, 4160407
What are the prime factors of 251465924?
2, 31, 2027951
What are the prime factors of 20994186?
2, 3, 83, 42157
What are the prime factors of 382511223?
3, 131, 324437
What are the prime factors of 359254183?
17, 21132599
List the prime factors of 122863255.
5, 43, 691, 827
List the prime factors of 12355323.
3, 73, 56417
What are the prime factors of 25257032?
2, 719, 4391
List the prime factors of 689613898.
2, 344806949
What are the prime factors of 7523982?
2, 3, 139333
List the prime factors of 5707552840.
2, 5, 11, 61, 212651
What are the prime factors of 136442893?
367, 371779
List the prime factors of 22729364.
2, 7, 811763
What are the prime factors of 715409191?
7, 1231, 83023
What are the prime factors of 2408103391?
41299, 58309
List the prime factors of 2147547467.
13, 23, 7182433
What are the prime factors of 7683269?
11, 17, 181, 227
List the prime factors of 866350183.
866350183
What are the prime factors of 71192251?
13, 5476327
What are the prime factors of 147341476?
2, 36835369
List the prime factors of 25404177.
3, 941, 8999
List the prime factors of 1611358442.
2, 67, 1321, 9103
What are the prime factors of 627163815?
3, 5, 43, 972347
What are the prime factors of 208560246?
2, 3, 283, 122827
What are the prime factors of 668309?
191, 3499
What are the prime factors of 616537275?
3, 5, 8220497
What are the prime factors of 4879070790?
2, 3, 5, 11, 1723, 8581
List the prime factors of 308544557.
41, 1039, 7243
List the prime factors of 22853471.
149, 153379
List the prime factors of 3418472023.
163, 20972221
List the prime factors of 65928714.
2, 3, 53, 151, 1373
List the prime factors of 897530815.
5, 97, 491, 3769
What are the prime factors of 9269265?
3, 5, 617951
List the prime factors of 876061608.
2, 3, 36502567
List the prime factors of 8436013044.
2, 3, 971, 723997
What are the prime factors of 86149767?
3, 11, 71, 83, 443
List the prime factors of 691500456.
2, 3, 3201391
What are the prime factors of 1920752956?
2, 17, 101, 16451
List the prime factors of 59671775.
5, 23, 157, 661
What are the prime factors of 274385066?
2, 17, 29, 421, 661
What are the prime factors of 2472114751?
2472114751
List the prime factors of 744783096.
2, 3, 31032629
List the prime factors of 263930046.
2, 3, 43988341
List the prime factors of 788146451.
23, 1223, 28019
List the prime factors of 1827265789.
53, 34476713
List the prime factors of 963931756.
2, 17, 107, 7793
List the prime factors of 3082298276.
2, 770574569
What are the prime factors of 480624747?
3, 160208249
What are the prime factors of 937374640?
2, 5, 1483, 7901
List the prime factors of 614061839.
167, 3677017
List the prime factors of 315460008.
2, 3, 486821
List the prime factors of 26837767.
11, 127, 19211
List the prime factors of 645921366.
2, 3, 2411, 44651
List the prime factors of 337295545.
5, 67459109
What are the prime factors of 118050965?
5, 23610193
List the prime factors of 947435080.
2, 5, 23685877
List the prime factors of 1757630587.
19, 1129, 81937
List the prime factors of 2069727377.
61, 33929957
List the prime factors of 2305935162.
2, 3, 983, 43441
List the prime factors of 621868631.
2099, 296269
What are the prime factors of 113296048?
2, 59, 120017
What are the prime factors of 53640598?
2, 11, 107, 22787
List the prime factors of 46794545.
5, 7, 29, 46103
What are the prime factors of 91880258?
2, 107, 429347
What are the prime factors of 684530059?
684530059
What are the prime factors of 4365562698?
2, 3, 7, 167, 207469
List the prime factors of 407431704.
2, 3, 223, 269, 283
List the prime factors of 6605757.
3, 733973
List the prime factors of 745077946.
2, 4139, 90007
What are the prime factors of 2360035?
5, 211, 2237
What are the prime factors of 62722080?
2, 3, 5, 14519
What are the prime factors of 52012831?
13, 4000987
List the prime factors of 3281647426.
2, 43, 443, 86137
List the prime factors of 129460315.
5, 43, 602141
List the prime factors of 135855753.
3, 11, 2029
What are the prime factors of 585236836?
2, 149, 981941
What are the prime factors of 84785809?
19, 43, 157, 661
List the prime factors of 7376356565.
5, 23, 653, 98227
What are the prime factors of 381653480?
2, 5, 13, 733949
What are the prime factors of 325297783?
325297783
What are the prime factors of 2618019356?
2, 251, 2607589
List the prime factors of 89482938.
2, 3, 14913823
What are the prime factors of 295051352?
2, 2237, 16487
List the prime factors of 26499201.
3, 59, 149713
What are the prime factors of 2513336914?
2, 11, 23, 4967069
What are the prime factors of 1811776784?
2, 101, 239, 4691
List the prime factors of 1079941602.
2, 3, 1201, 149867
List the prime factors of 1096363726.
2, 19, 28851677
What are the prime factors of 343416307?
13, 4457, 5927
List the prime factors of 16648466.
2, 53, 157061
List the prime factors of 61000421.
61000421
List the prime factors of 172553582.
2, 43, 2006437
List the prime factors of 173877411.
3, 17, 3409361
What are the prime factors of 12448761?
3, 13, 37, 8627
What are the prime factors of 114741392?
2, 7171337
What are the prime factors of 149449598?
2, 491, 152189
List the prime factors of 102604881.
3, 4969, 6883
List the prime factors of 196074255.
3, 5, 13, 151, 6659
List the prime factors of 1068901873.
13, 82223221
What are the prime factors of 2462720765?
5, 492544153
List the prime factors of 1730251606.
2, 19, 45532937
List the prime factors of 143201821.
7, 977, 20939
List the prime factors of 101353847.
7, 17, 19, 23, 1949
List the prime factors of 1488599384.
2, 19, 709, 727
List the prime factors of 1454241790.
2, 5, 145424179
List the prime factors of 22322614.
2, 41, 272227
What are the prime factors of 12691392?
2, 3, 7, 19, 71
What are the prime factors of 66382704?
2, 3, 460991
What are the prime factors of 133575486?
2, 3, 11, 1217, 1663
What are the prime factors of 81953225?
5, 3278129
List the prime factors of 2945598871.
8111, 363161
What are the prime factors of 264391468?
2, 11, 6008897
List the prime factors of 91991367.
3, 13, 786251
What are the prime factors of 72819901?
7, 11, 151, 6263
List the prime factors of 41414396.
2, 37, 461, 607
What are the prime factors of 147478691?
23, 43, 149119
What are the prime factors of 268866630?
2, 3, 5, 2987407
List the prime factors of 424470276.
2, 3, 101, 116741
What are the prime factors of 5585754795?
3, 5, 372383653
What are the prime factors of 352164460?
2, 5, 181, 97283
What are the prime factors of 33507988?
2, 41, 59, 3463
What are the prime factors of 1264605240?
2, 3, 5, 37, 271, 1051
List the prime factors of 225016415.
5, 13, 3461791
List the prime factors of 768279505.
5, 7, 21950843
List the prime factors of 57013812.
2, 3, 977, 1621
List the prime factors of 2653495800.
2, 3, 5, 4422493
List the prime factors of 4821600413.
7, 197, 853, 4099
What are the prime factors of 497608040?
2, 5, 43, 193, 1499
List the prime factors of 111434214.
2, 